 44a7b25?
-44a7b27
In base 3, what is -110012 + -111002010210?
-111002120222
In base 6, what is -3304 - 3155151?
-3202455
In base 14, what is 4 - 9bd4ba?
-9bd4b6
In base 5, what is 334023044 + -1310?
334021234
In base 14, what is -3d26b - 101?
-3d36c
In base 2, what is -100100111 + -110011110100110?
-110100011001101
In base 13, what is -1c2656 - 17a?
-1c2803
In base 14, what is 1d - 6c6432?
-6c6413
In base 2, what is 1001100100101001110 + -100000010?
1001100100001001100
In base 8, what is -2774144 - -216?
-2773726
In base 11, what is -28671375 + 3?
-28671372
In base 6, what is 3011012 - 3?
3011005
In base 4, what is 2312000020312 - 11?
2312000020301
In base 14, what is -ccd70 + -8?
-ccd78
In base 15, what is -26b0c9 - -3?
-26b0c6
In base 9, what is 22 - 627415?
-627383
In base 12, what is -467ab + 121?
-4668a
In base 6, what is 2124315201 - 3?
2124315154
In base 12, what is -529 + 1807?
129a
In base 15, what is -1 - 3671c82?
-3671c83
In base 16, what is -1ea1b6 - 5?
-1ea1bb
In base 14, what is -b - 4b49587?
-4b49594
In base 4, what is -200331333110003 - -11?
-200331333103332
In base 2, what is -10110000110100 - -100001001111?
-10001111100101
In base 8, what is 3600 + -4223?
-423
In base 9, what is 348111 - -18?
348130
In base 11, what is a4699 + 2408?
a6aa6
In base 2, what is 10110100101011111110 - -1110?
10110100101100001100
In base 15, what is 67 + -7529?
-74b2
In base 3, what is -21210101200102222 + 11?
-21210101200102211
In base 14, what is -1da9c4 - 8?
-1da9cc
In base 8, what is -2 - 246240412?
-246240414
In base 3, what is -1212 - -12221001122?
12220222210
In base 2, what is -10001 + 10100110011110011000111?
10100110011110010110110
In base 14, what is -458 - -1021?
9a7
In base 16, what is -3 - 4644d5?
-4644d8
In base 10, what is -6092 - -1087?
-5005
In base 6, what is 140110 + -3102?
133004
In base 14, what is -26647d - 66?
-266505
In base 7, what is 11053313 + 4020?
11060333
In base 12, what is -2a + 1357573?
1357545
In base 6, what is -3403 + 504341?
500534
In base 11, what is 1518596 + 0?
1518596
In base 2, what is -1110110010 + -1100101000001111?
-1100110111000001
In base 12, what is -20 + -102192?
-1021b2
In base 2, what is 10000000010101110 - -11111001001?
10000100001110111
In base 14, what is -269d9 + -338?
-26d33
In base 2, what is 10010010110110110000000 - -100111?
10010010110110110100111
In base 2, what is -1001001010100 - 110010110000111?
-111011111011011
In base 9, what is -718147 - 0?
-718147
In base 7, what is 225522304 - 0?
225522304
In base 7, what is 112652625 - 1?
112652624
In base 2, what is 110010111110101001110111 - 100?
110010111110101001110011
In base 5, what is -2211 + 11131?
3420
In base 13, what is -91893817 + 1?
-91893816
In base 6, what is -220323 - 53400?
-314123
In base 2, what is -101000000011 + 101011011010?
11010111
In base 16, what is -51a9f9 - 5?
-51a9fe
In base 4, what is 13020331223 - 1111?
13020330112
In base 6, what is 0 + 404521414?
404521414
In base 14, what is -34 + 51b5?
5181
In base 11, what is -4 + 290a8868?
290a8864
In base 5, what is 140041 - -10144?
200240
In base 14, what is 5 - 3b5b94?
-3b5b8d
In base 4, what is -1 - -2022120310013?
2022120310012
In base 11, what is -8876 + -21a72?
-2a838
In base 10, what is 32 + -106421?
-106389
In base 10, what is 17993 - -55200?
73193
In base 5, what is -2 - -113201033444?
113201033442
In base 5, what is -22 - 44440212323?
-44440212400
In base 11, what is -6 - -610029?
610023
In base 3, what is -211122 + 110021101012?
110020112120
In base 3, what is 2 + -2211120222202?
-2211120222200
In base 9, what is 327157404 + 5?
327157410
In base 5, what is -144340142 + 3?
-144340134
In base 16, what is -47f + a7d?
5fe
In base 6, what is -2 + 1310454143?
1310454141
In base 12, what is -7a + 1ab070?
1aabb2
In base 16, what is 172 + 10428?
1059a
In base 6, what is 10301 - -41010?
51311
In base 4, what is -30 + -1030130103?
-1030130133
In base 3, what is -1 - -1110220111222?
1110220111221
In base 13, what is 2b462 + -38?
2b427
In base 10, what is -7443 + 149?
-7294
In base 14, what is -863 + -6c7?
-114a
In base 16, what is 118cec + 23?
118d0f
In base 2, what is 101000110100101000110 + 110000?
101000110100101110110
In base 3, what is 1200100111222102 + 0?
1200100111222102
In base 5, what is 31340 + -4010134?
-3423244
In base 11, what is 44a16 + 54?
44a6a
In base 7, what is -30653101663 + 5?
-30653101655
In base 12, what is 4 + -9b0861b?
-9b08617
In base 8, what is -4265232 + 25?
-4265205
In base 2, what is -11 - -11110110101100100000000?
11110110101100011111101
In base 4, what is 231201121 + -200130?
231000331
In base 8, what is 140106 - 471?
137415
In base 15, what is 277270 + 3?
277273
In base 3, what is 10 + 120222012022?
120222012102
In base 10, what is 4982146 - -6?
4982152
In base 10, what is 6923 + -18551?
-11628
In base 14, what is -2125c48 - -d?
-2125c39
In base 8, what is 330653362 - -6?
330653370
In base 12, what is 6029a7 - 0?
6029a7
In base 10, what is -2407 - -154?
-2253
In base 5, what is 2030022421412 - -4?
2030022421421
In base 6, what is -132402154 + -34?
-132402232
In base 11, what is 3 + -23055767?
-23055764
In base 7, what is 1313634505 - 2?
1313634503
In base 3, what is -102212 - 120110221020?
-120111101002
In base 5, what is 1310 + 1023?
2333
In base 15, what is -8d2 - 5682?
-6064
In base 8, what is -436 + -1352?
-2010
In base 12, what is -2536 + 4b9?
-2039
In base 9, what is 22 + 1288083?
1288115
In base 4, what is 1100 - -10233111203?
10233112303
In base 11, what is 8a8 - -128270?
129068
In base 13, what is 4 + cb3095?
cb3099
In base 14, what is 13 - 69134d?
-69133a
In base 9, what is 71 - 253142?
-253061
In base 10, what is 919201 + -278?
918923
In base 11, what is 6286a3678 - 1?
6286a3677
In base 3, what is -1022 + -1200000211200121?
-1200000211201220
In base 15, what is -d - 50850?
-5085d
In base 16, what is -6 + 6364d45?
6364d3f
In base 9, what is -81518 - 27?
-81546
In base 3, what is 1121120 - 100021?
1021022
In base 12, what is 1408a - 2644?
11646
In base 7, what is -335 - -46351?
46013
In base 7, what is -2120216 + -6004?
-2126223
In base 12, what is -8 + -333832?
-33383a
In base 14, what is 3b6 + -8ad38?
-8a962
In base 16, what is 0 - -4d1b7f0?
4d1b7f0
In base 8, what is -3373 + 5627?
2234
In base 8, what is -576 + 10216?
7420
In base 8, what is -7 + -133073673?
-133073702
In base 13, what is 368459 - -15?
368471
In base 14, what is 3 - 123db0?
-123dab
In base 12, what is -a8 - -388ab?
38803
In base 6, what is 333221421 - -12?
333221433
In base 3, what is 101101221121 - 1220?
101101212201
In base 5, what is -4413400 + 2034?
-4411311
In base 2, what is 110101 - -1011101011010000111?
1011101011010111100
In base 4, what is 31213102332 + -11?
31213102321
In base 11, what is 96a + 90a2?
9a61
In base 7, what is 32 - -10605624?
10605656
In base 4, what is 321330330 + 22?
321331012
In base 11, what is 3 - 1547956?
-1547953
In base 13, what is -1c8738 - 31?
-1c8769
In base 7, what is -16410 - 156420?
-206130
In base 15, what is -5 + -b1b8d8?
-b1b8dd
In base 11, what is 0 - 5644a76?
-5644a76
In base 7, what is 0 - 14532005?
-14532005
In base 5, what is -123013 - -12242?
-110221
In base 7, what is 3 + 354212043?
354212046
In base 10, what is 189198 + 190?
189388
In base 4, what is 1 + 1000130230120?
1000130230121
In base 13, what is -2a556 + -172b?
-2bc84
In base 14, what is 74 - -2cbbd4?
2cbc68
In base 10, what is 184 - -3213583?
3213767
In base 11, what is -267 - -117a?
a13
In base 14, what is c - b2c28a?
-b2c27c
In base 14, what is -65455 - 3c?
-65493
In base 12, what is -3 - 3548466?
-3548469
In base 7, what is -1524616622 + 2?
-1524616620
In base 15, what is -3 - 3e98c5e?
-3e98c62
In base 15, what is 15a0b8 + 17?
15a0d0
In base 2, what is 1101111111111 + 1111110?
1110001111101
In base 8, what is -114127550 - -1?
-114127547
In base 10, what is -4072620 + -1?
-4072621
In base 16, what is 2745 + -89?
26bc
In base 12, what is -668a927 + a?
-668a919
In base 13, what is 5c70a88 - 2?
5c70a86
In base 15, what is d53333 - 0?
d53333
In base 3, what is -12 - 2021200121100001?
-2021200121100020
In base 16, what is -4080e + -d?
-4081b
In base 15, what is 3 + 373ada?
373add
In base 3, what is 21 + 2100120220100?
2100120220121
In base 9, what is 50 +